{"id":4491,"date":"2009-09-08T16:33:06","date_gmt":"2009-09-08T16:33:06","guid":{"rendered":"http:\/\/wpzoom.com\/magnet\/demo\/?page_id=2"},"modified":"2024-09-30T01:05:46","modified_gmt":"2024-09-30T01:05:46","slug":"about","status":"publish","type":"page","link":"https:\/\/promedios.com.ar\/web\/about\/","title":{"rendered":"Nosotros"},"content":{"rendered":"<p>Promedios es una empresa santiague\u00f1a, en constante evoluci\u00f3n.&nbsp; Brindamos servicios relacionados con la imagen y el sonido. Filmaci\u00f3n, Fotograf\u00eda, Dise\u00f1o gr\u00e1fico y web, presentaciones multimedia, Transmisiones en Vivo, Streaming, Venta de Entradas online, Publicidad, Televisi\u00f3n, Alquiler de Pantallas Led, son algunos de nuestros servicios.<\/p>\n<p><strong>Nuestro Objetivo: <\/strong>Brindar soluciones de calidad y profesionalismo con costos acordes a cada requerimiento y lograr que cada producci\u00f3n goce de una personalidad \u00fanica y originalidad.<\/p>\n<p><strong>Innovaci\u00f3n: <\/strong>Hemos sumado en los \u00faltimos a\u00f1os nuevas \u00e1reas de negocios, adecu\u00e1ndonos a las nuevas tecnolog\u00edas y capacit\u00e1ndonos permanentemente.<\/p>\n<script>function PlayerjsAsync(){} if(window[\"Playerjs\"]){PlayerjsAsync();}<\/script>","protected":false},"excerpt":{"rendered":"<p>Promedios es una empresa santiague\u00f1a, en constante evoluci\u00f3n.&nbsp; Brindamos servicios relacionados con la imagen y el sonido. Filmaci\u00f3n, Fotograf\u00eda, Dise\u00f1o gr\u00e1fico y web, presentaciones multimedia, Transmisiones en Vivo, Streaming, Venta de Entradas online, Publicidad, Televisi\u00f3n, Alquiler de Pantallas Led, son algunos de nuestros servicios. Nuestro Objetivo: Brindar soluciones de calidad [&hellip;]<\/p>\n","protected":false},"author":2,"featured_media":6363,"parent":0,"menu_order":0,"comment_status":"closed","ping_status":"closed","template":"","meta":{"_ppp_document_settings_meta":"","footnotes":""},"class_list":["post-4491","page","type-page","status-publish","has-post-thumbnail","hentry"],"yoast_head":"<!-- This site is optimized with the Yoast SEO Premium plugin v23.4 (Yoast SEO v24.0) - https:\/\/yoast.com\/wordpress\/plugins\/seo\/ -->\n<title>Nosotros - Promedios Audiovisuales<\/title>\n<meta name=\"robots\" content=\"index, follow, max-snippet:-1, max-image-preview:large, max-video-preview:-1\" \/>\n<link rel=\"canonical\" href=\"https:\/\/promedios.com.ar\/web\/about\/\" \/>\n<meta property=\"og:locale\" content=\"es_ES\" \/>\n<meta property=\"og:type\" content=\"article\" \/>\n<meta property=\"og:title\" content=\"Nosotros\" \/>\n<meta property=\"og:description\" content=\"Promedios es una empresa santiague\u00f1a, en constante evoluci\u00f3n.&nbsp; Brindamos servicios relacionados con la imagen y el sonido. Filmaci\u00f3n, Fotograf\u00eda, Dise\u00f1o gr\u00e1fico y web, presentaciones multimedia, Transmisiones en Vivo, Streaming, Venta de Entradas online, Publicidad, Televisi\u00f3n, Alquiler de Pantallas Led, son algunos de nuestros servicios. Nuestro Objetivo: Brindar soluciones de calidad [&hellip;]\" \/>\n<meta property=\"og:url\" content=\"https:\/\/promedios.com.ar\/web\/about\/\" \/>\n<meta property=\"og:site_name\" content=\"Promedios Audiovisuales\" \/>\n<meta property=\"article:modified_time\" content=\"2024-09-30T01:05:46+00:00\" \/>\n<meta property=\"og:image\" content=\"https:\/\/promedios.com.ar\/web\/wp-content\/uploads\/2024\/09\/nosotros2.jpg\" \/>\n\t<meta property=\"og:image:width\" content=\"1800\" \/>\n\t<meta property=\"og:image:height\" content=\"1193\" \/>\n\t<meta property=\"og:image:type\" content=\"image\/jpeg\" \/>\n<meta name=\"twitter:card\" content=\"summary_large_image\" \/>\n<meta name=\"twitter:label1\" content=\"Tiempo de lectura\" \/>\n\t<meta name=\"twitter:data1\" content=\"1 minuto\" \/>\n<script type=\"application\/ld+json\" class=\"yoast-schema-graph\">{\"@context\":\"https:\/\/schema.org\",\"@graph\":[{\"@type\":\"WebPage\",\"@id\":\"https:\/\/promedios.com.ar\/web\/about\/\",\"url\":\"https:\/\/promedios.com.ar\/web\/about\/\",\"name\":\"Nosotros - Promedios Audiovisuales\",\"isPartOf\":{\"@id\":\"https:\/\/promedios.com.ar\/web\/#website\"},\"primaryImageOfPage\":{\"@id\":\"https:\/\/promedios.com.ar\/web\/about\/#primaryimage\"},\"image\":{\"@id\":\"https:\/\/promedios.com.ar\/web\/about\/#primaryimage\"},\"thumbnailUrl\":\"https:\/\/promedios.com.ar\/web\/wp-content\/uploads\/2024\/09\/nosotros2.jpg\",\"datePublished\":\"2009-09-08T16:33:06+00:00\",\"dateModified\":\"2024-09-30T01:05:46+00:00\",\"breadcrumb\":{\"@id\":\"https:\/\/promedios.com.ar\/web\/about\/#breadcrumb\"},\"inLanguage\":\"es\",\"potentialAction\":[{\"@type\":\"ReadAction\",\"target\":[\"https:\/\/promedios.com.ar\/web\/about\/\"]}]},{\"@type\":\"ImageObject\",\"inLanguage\":\"es\",\"@id\":\"https:\/\/promedios.com.ar\/web\/about\/#primaryimage\",\"url\":\"https:\/\/promedios.com.ar\/web\/wp-content\/uploads\/2024\/09\/nosotros2.jpg\",\"contentUrl\":\"https:\/\/promedios.com.ar\/web\/wp-content\/uploads\/2024\/09\/nosotros2.jpg\",\"width\":1800,\"height\":1193},{\"@type\":\"BreadcrumbList\",\"@id\":\"https:\/\/promedios.com.ar\/web\/about\/#breadcrumb\",\"itemListElement\":[{\"@type\":\"ListItem\",\"position\":1,\"name\":\"Portada\",\"item\":\"https:\/\/promedios.com.ar\/web\/\"},{\"@type\":\"ListItem\",\"position\":2,\"name\":\"Nosotros\"}]},{\"@type\":\"WebSite\",\"@id\":\"https:\/\/promedios.com.ar\/web\/#website\",\"url\":\"https:\/\/promedios.com.ar\/web\/\",\"name\":\"Promedios Audiovisuales\",\"description\":\"\",\"publisher\":{\"@id\":\"https:\/\/promedios.com.ar\/web\/#organization\"},\"potentialAction\":[{\"@type\":\"SearchAction\",\"target\":{\"@type\":\"EntryPoint\",\"urlTemplate\":\"https:\/\/promedios.com.ar\/web\/?s={search_term_string}\"},\"query-input\":{\"@type\":\"PropertyValueSpecification\",\"valueRequired\":true,\"valueName\":\"search_term_string\"}}],\"inLanguage\":\"es\"},{\"@type\":\"Organization\",\"@id\":\"https:\/\/promedios.com.ar\/web\/#organization\",\"name\":\"Promedios Audiovisuales\",\"url\":\"https:\/\/promedios.com.ar\/web\/\",\"logo\":{\"@type\":\"ImageObject\",\"inLanguage\":\"es\",\"@id\":\"https:\/\/promedios.com.ar\/web\/#\/schema\/logo\/image\/\",\"url\":\"https:\/\/promedios.com.ar\/web\/wp-content\/uploads\/2024\/09\/logo_pagina_nuevo2.png\",\"contentUrl\":\"https:\/\/promedios.com.ar\/web\/wp-content\/uploads\/2024\/09\/logo_pagina_nuevo2.png\",\"width\":400,\"height\":100,\"caption\":\"Promedios Audiovisuales\"},\"image\":{\"@id\":\"https:\/\/promedios.com.ar\/web\/#\/schema\/logo\/image\/\"}}]}<\/script>\n<!-- \/ Yoast SEO Premium plugin. -->","yoast_head_json":{"title":"Nosotros - Promedios Audiovisuales","robots":{"index":"index","follow":"follow","max-snippet":"max-snippet:-1","max-image-preview":"max-image-preview:large","max-video-preview":"max-video-preview:-1"},"canonical":"https:\/\/promedios.com.ar\/web\/about\/","og_locale":"es_ES","og_type":"article","og_title":"Nosotros","og_description":"Promedios es una empresa santiague\u00f1a, en constante evoluci\u00f3n.&nbsp; Brindamos servicios relacionados con la imagen y el sonido. Filmaci\u00f3n, Fotograf\u00eda, Dise\u00f1o gr\u00e1fico y web, presentaciones multimedia, Transmisiones en Vivo, Streaming, Venta de Entradas online, Publicidad, Televisi\u00f3n, Alquiler de Pantallas Led, son algunos de nuestros servicios. Nuestro Objetivo: Brindar soluciones de calidad [&hellip;]","og_url":"https:\/\/promedios.com.ar\/web\/about\/","og_site_name":"Promedios Audiovisuales","article_modified_time":"2024-09-30T01:05:46+00:00","og_image":[{"width":1800,"height":1193,"url":"https:\/\/promedios.com.ar\/web\/wp-content\/uploads\/2024\/09\/nosotros2.jpg","type":"image\/jpeg"}],"twitter_card":"summary_large_image","twitter_misc":{"Tiempo de lectura":"1 minuto"},"schema":{"@context":"https:\/\/schema.org","@graph":[{"@type":"WebPage","@id":"https:\/\/promedios.com.ar\/web\/about\/","url":"https:\/\/promedios.com.ar\/web\/about\/","name":"Nosotros - Promedios Audiovisuales","isPartOf":{"@id":"https:\/\/promedios.com.ar\/web\/#website"},"primaryImageOfPage":{"@id":"https:\/\/promedios.com.ar\/web\/about\/#primaryimage"},"image":{"@id":"https:\/\/promedios.com.ar\/web\/about\/#primaryimage"},"thumbnailUrl":"https:\/\/promedios.com.ar\/web\/wp-content\/uploads\/2024\/09\/nosotros2.jpg","datePublished":"2009-09-08T16:33:06+00:00","dateModified":"2024-09-30T01:05:46+00:00","breadcrumb":{"@id":"https:\/\/promedios.com.ar\/web\/about\/#breadcrumb"},"inLanguage":"es","potentialAction":[{"@type":"ReadAction","target":["https:\/\/promedios.com.ar\/web\/about\/"]}]},{"@type":"ImageObject","inLanguage":"es","@id":"https:\/\/promedios.com.ar\/web\/about\/#primaryimage","url":"https:\/\/promedios.com.ar\/web\/wp-content\/uploads\/2024\/09\/nosotros2.jpg","contentUrl":"https:\/\/promedios.com.ar\/web\/wp-content\/uploads\/2024\/09\/nosotros2.jpg","width":1800,"height":1193},{"@type":"BreadcrumbList","@id":"https:\/\/promedios.com.ar\/web\/about\/#breadcrumb","itemListElement":[{"@type":"ListItem","position":1,"name":"Portada","item":"https:\/\/promedios.com.ar\/web\/"},{"@type":"ListItem","position":2,"name":"Nosotros"}]},{"@type":"WebSite","@id":"https:\/\/promedios.com.ar\/web\/#website","url":"https:\/\/promedios.com.ar\/web\/","name":"Promedios Audiovisuales","description":"","publisher":{"@id":"https:\/\/promedios.com.ar\/web\/#organization"},"potentialAction":[{"@type":"SearchAction","target":{"@type":"EntryPoint","urlTemplate":"https:\/\/promedios.com.ar\/web\/?s={search_term_string}"},"query-input":{"@type":"PropertyValueSpecification","valueRequired":true,"valueName":"search_term_string"}}],"inLanguage":"es"},{"@type":"Organization","@id":"https:\/\/promedios.com.ar\/web\/#organization","name":"Promedios Audiovisuales","url":"https:\/\/promedios.com.ar\/web\/","logo":{"@type":"ImageObject","inLanguage":"es","@id":"https:\/\/promedios.com.ar\/web\/#\/schema\/logo\/image\/","url":"https:\/\/promedios.com.ar\/web\/wp-content\/uploads\/2024\/09\/logo_pagina_nuevo2.png","contentUrl":"https:\/\/promedios.com.ar\/web\/wp-content\/uploads\/2024\/09\/logo_pagina_nuevo2.png","width":400,"height":100,"caption":"Promedios Audiovisuales"},"image":{"@id":"https:\/\/promedios.com.ar\/web\/#\/schema\/logo\/image\/"}}]}},"_links":{"self":[{"href":"https:\/\/promedios.com.ar\/web\/wp-json\/wp\/v2\/pages\/4491","targetHints":{"allow":["GET"]}}],"collection":[{"href":"https:\/\/promedios.com.ar\/web\/wp-json\/wp\/v2\/pages"}],"about":[{"href":"https:\/\/promedios.com.ar\/web\/wp-json\/wp\/v2\/types\/page"}],"author":[{"embeddable":true,"href":"https:\/\/promedios.com.ar\/web\/wp-json\/wp\/v2\/users\/2"}],"replies":[{"embeddable":true,"href":"https:\/\/promedios.com.ar\/web\/wp-json\/wp\/v2\/comments?post=4491"}],"version-history":[{"count":4,"href":"https:\/\/promedios.com.ar\/web\/wp-json\/wp\/v2\/pages\/4491\/revisions"}],"predecessor-version":[{"id":5741,"href":"https:\/\/promedios.com.ar\/web\/wp-json\/wp\/v2\/pages\/4491\/revisions\/5741"}],"wp:featuredmedia":[{"embeddable":true,"href":"https:\/\/promedios.com.ar\/web\/wp-json\/wp\/v2\/media\/6363"}],"wp:attachment":[{"href":"https:\/\/promedios.com.ar\/web\/wp-json\/wp\/v2\/media?parent=4491"}],"curies":[{"name":"wp","href":"https:\/\/api.w.org\/{rel}","templated":true}]}}