{"id":6651,"date":"2026-02-02T00:53:12","date_gmt":"2026-02-02T00:53:12","guid":{"rendered":"https:\/\/promedios.com.ar\/web\/?post_type=product&#038;p=6651"},"modified":"2026-02-08T00:10:25","modified_gmt":"2026-02-08T00:10:25","slug":"central-argentino-sde-vs-general-paz-juniors-cordoba","status":"publish","type":"product","link":"https:\/\/promedios.com.ar\/web\/producto\/central-argentino-sde-vs-general-paz-juniors-cordoba\/","title":{"rendered":"Central Argentino (SdE) vs General Paz Juniors (C\u00f3rdoba)"},"content":{"rendered":"<p class=\"isSelectedEnd\"><span style=\"color: #ff0000;\"><strong>STREAMING SUSPENDIDO<\/strong><\/span><br \/>\n<em>Por razones ajenas a nuestra empresa, plataforma y\/o servicios, y a solicitud de los organizadores, se suspende la venta de tickets para este evento.<\/em><\/p>\n<p class=\"isSelectedEnd\"><em>Se proceder\u00e1 a la devoluci\u00f3n de las transferencias y\/o a la cancelaci\u00f3n de los pagos realizados con tarjeta, notificando a cada cliente por correo electr\u00f3nico y adjuntando los comprobantes correspondientes.<\/em><\/p>\n<p><em>Agradecemos su comprensi\u00f3n y quedamos a su disposici\u00f3n para atender cualquier consulta.<\/em><\/p>\n<p>&#8212;&#8212;&#8212;&#8212;&#8212;&#8212;&#8212;&#8212;&#8212;&#8212;&#8212;&#8212;&#8212;&#8212;&#8212;&#8212;&#8212;&#8212;&#8212;&#8212;&#8212;&#8212;&#8212;&#8212;&#8212;&#8212;&#8212;&#8212;&#8212;&#8212;&#8212;&#8212;&#8212;&#8212;&#8212;&#8212;&#8212;&#8212;&#8212;&#8212;&#8212;&#8212;&#8211;<\/p>\n<p>Evento por Streaming. Necesita registrarse en nuestra p\u00e1gina\/plataforma con un correo para poder comprar y ver el evento.<\/p>\n<p>S\u00f3lo se puede comprar un acceso por persona\/correo.<\/p>\n<p>Se puede usar una computadora o dispositivo m\u00f3vil. El sistema habilita s\u00f3lo uno activo.<\/p>\n<script>function PlayerjsAsync(){} if(window[\"Playerjs\"]){PlayerjsAsync();}<\/script>","protected":false},"excerpt":{"rendered":"<p>Torneo Regional Federal Amateur &#8211; Final Regi\u00f3n Centro &#8211;<br \/>\nEstadio Osvaldo Ju\u00e1rez, La Banda. Santiago del Estero.<br \/>\nEvento: 08\/02\/2025 &#8211; 20:00 hs<\/p>\n","protected":false},"featured_media":6785,"template":"","meta":{"_ppp_document_settings_meta":""},"product_brand":[],"product_cat":[98],"product_tag":[],"class_list":{"0":"post-6651","1":"product","2":"type-product","3":"status-publish","4":"has-post-thumbnail","6":"product_cat-streaming","8":"first","9":"outofstock","10":"virtual","11":"sold-individually","12":"taxable","13":"purchasable","14":"product-type-simple"},"yoast_head":"<!-- This site is optimized with the Yoast SEO Premium plugin v23.4 (Yoast SEO v24.0) - https:\/\/yoast.com\/wordpress\/plugins\/seo\/ -->\n<title>Central Argentino (SdE) vs General Paz Juniors (C\u00f3rdoba) - Promedios Audiovisuales<\/title>\n<meta name=\"robots\" content=\"index, follow, max-snippet:-1, max-image-preview:large, max-video-preview:-1\" \/>\n<link rel=\"canonical\" href=\"https:\/\/promedios.com.ar\/web\/producto\/central-argentino-sde-vs-general-paz-juniors-cordoba\/\" \/>\n<meta property=\"og:locale\" content=\"es_ES\" \/>\n<meta property=\"og:type\" content=\"article\" \/>\n<meta property=\"og:title\" content=\"Central Argentino (SdE) vs General Paz Juniors (C\u00f3rdoba)\" \/>\n<meta property=\"og:description\" content=\"Torneo Regional Federal Amateur - Final Regi\u00f3n Centro - Estadio Osvaldo Ju\u00e1rez, La Banda. Santiago del Estero. Evento: 08\/02\/2025 - 20:00 hs\" \/>\n<meta property=\"og:url\" content=\"https:\/\/promedios.com.ar\/web\/producto\/central-argentino-sde-vs-general-paz-juniors-cordoba\/\" \/>\n<meta property=\"og:site_name\" content=\"Promedios Audiovisuales\" \/>\n<meta property=\"article:modified_time\" content=\"2026-02-08T00:10:25+00:00\" \/>\n<meta property=\"og:image\" content=\"https:\/\/promedios.com.ar\/web\/wp-content\/uploads\/2026\/02\/FINAL-TRFA-2-1.jpeg\" \/>\n\t<meta property=\"og:image:width\" content=\"1920\" \/>\n\t<meta property=\"og:image:height\" content=\"1080\" \/>\n\t<meta property=\"og:image:type\" content=\"image\/jpeg\" \/>\n<meta name=\"twitter:card\" content=\"summary_large_image\" \/>\n<meta name=\"twitter:title\" content=\"Central Argentino (SdE) vs General Paz Juniors (C\u00f3rdoba)\" \/>\n<meta name=\"twitter:label1\" content=\"Tiempo de lectura\" \/>\n\t<meta name=\"twitter:data1\" content=\"1 minuto\" \/>\n<script type=\"application\/ld+json\" class=\"yoast-schema-graph\">{\"@context\":\"https:\/\/schema.org\",\"@graph\":[{\"@type\":\"WebPage\",\"@id\":\"https:\/\/promedios.com.ar\/web\/producto\/central-argentino-sde-vs-general-paz-juniors-cordoba\/\",\"url\":\"https:\/\/promedios.com.ar\/web\/producto\/central-argentino-sde-vs-general-paz-juniors-cordoba\/\",\"name\":\"Central Argentino (SdE) vs General Paz Juniors (C\u00f3rdoba) - Promedios Audiovisuales\",\"isPartOf\":{\"@id\":\"https:\/\/promedios.com.ar\/web\/#website\"},\"primaryImageOfPage\":{\"@id\":\"https:\/\/promedios.com.ar\/web\/producto\/central-argentino-sde-vs-general-paz-juniors-cordoba\/#primaryimage\"},\"image\":{\"@id\":\"https:\/\/promedios.com.ar\/web\/producto\/central-argentino-sde-vs-general-paz-juniors-cordoba\/#primaryimage\"},\"thumbnailUrl\":\"https:\/\/promedios.com.ar\/web\/wp-content\/uploads\/2026\/02\/FINAL-TRFA-1-3.jpeg\",\"datePublished\":\"2026-02-02T00:53:12+00:00\",\"dateModified\":\"2026-02-08T00:10:25+00:00\",\"breadcrumb\":{\"@id\":\"https:\/\/promedios.com.ar\/web\/producto\/central-argentino-sde-vs-general-paz-juniors-cordoba\/#breadcrumb\"},\"inLanguage\":\"es\",\"potentialAction\":[{\"@type\":\"ReadAction\",\"target\":[\"https:\/\/promedios.com.ar\/web\/producto\/central-argentino-sde-vs-general-paz-juniors-cordoba\/\"]}]},{\"@type\":\"ImageObject\",\"inLanguage\":\"es\",\"@id\":\"https:\/\/promedios.com.ar\/web\/producto\/central-argentino-sde-vs-general-paz-juniors-cordoba\/#primaryimage\",\"url\":\"https:\/\/promedios.com.ar\/web\/wp-content\/uploads\/2026\/02\/FINAL-TRFA-1-3.jpeg\",\"contentUrl\":\"https:\/\/promedios.com.ar\/web\/wp-content\/uploads\/2026\/02\/FINAL-TRFA-1-3.jpeg\",\"width\":1920,\"height\":1080},{\"@type\":\"BreadcrumbList\",\"@id\":\"https:\/\/promedios.com.ar\/web\/producto\/central-argentino-sde-vs-general-paz-juniors-cordoba\/#breadcrumb\",\"itemListElement\":[{\"@type\":\"ListItem\",\"position\":1,\"name\":\"Portada\",\"item\":\"https:\/\/promedios.com.ar\/web\/\"},{\"@type\":\"ListItem\",\"position\":2,\"name\":\"Eventos\/Tickets\",\"item\":\"https:\/\/promedios.com.ar\/web\/eventos-tickets\/\"},{\"@type\":\"ListItem\",\"position\":3,\"name\":\"Central Argentino (SdE) vs General Paz Juniors (C\u00f3rdoba)\"}]},{\"@type\":\"WebSite\",\"@id\":\"https:\/\/promedios.com.ar\/web\/#website\",\"url\":\"https:\/\/promedios.com.ar\/web\/\",\"name\":\"Promedios Audiovisuales\",\"description\":\"\",\"publisher\":{\"@id\":\"https:\/\/promedios.com.ar\/web\/#organization\"},\"potentialAction\":[{\"@type\":\"SearchAction\",\"target\":{\"@type\":\"EntryPoint\",\"urlTemplate\":\"https:\/\/promedios.com.ar\/web\/?s={search_term_string}\"},\"query-input\":{\"@type\":\"PropertyValueSpecification\",\"valueRequired\":true,\"valueName\":\"search_term_string\"}}],\"inLanguage\":\"es\"},{\"@type\":\"Organization\",\"@id\":\"https:\/\/promedios.com.ar\/web\/#organization\",\"name\":\"Promedios Audiovisuales\",\"url\":\"https:\/\/promedios.com.ar\/web\/\",\"logo\":{\"@type\":\"ImageObject\",\"inLanguage\":\"es\",\"@id\":\"https:\/\/promedios.com.ar\/web\/#\/schema\/logo\/image\/\",\"url\":\"https:\/\/promedios.com.ar\/web\/wp-content\/uploads\/2024\/09\/logo_pagina_nuevo2.png\",\"contentUrl\":\"https:\/\/promedios.com.ar\/web\/wp-content\/uploads\/2024\/09\/logo_pagina_nuevo2.png\",\"width\":400,\"height\":100,\"caption\":\"Promedios Audiovisuales\"},\"image\":{\"@id\":\"https:\/\/promedios.com.ar\/web\/#\/schema\/logo\/image\/\"}}]}<\/script>\n<!-- \/ Yoast SEO Premium plugin. -->","yoast_head_json":{"title":"Central Argentino (SdE) vs General Paz Juniors (C\u00f3rdoba) - Promedios Audiovisuales","robots":{"index":"index","follow":"follow","max-snippet":"max-snippet:-1","max-image-preview":"max-image-preview:large","max-video-preview":"max-video-preview:-1"},"canonical":"https:\/\/promedios.com.ar\/web\/producto\/central-argentino-sde-vs-general-paz-juniors-cordoba\/","og_locale":"es_ES","og_type":"article","og_title":"Central Argentino (SdE) vs General Paz Juniors (C\u00f3rdoba)","og_description":"Torneo Regional Federal Amateur - Final Regi\u00f3n Centro - Estadio Osvaldo Ju\u00e1rez, La Banda. Santiago del Estero. Evento: 08\/02\/2025 - 20:00 hs","og_url":"https:\/\/promedios.com.ar\/web\/producto\/central-argentino-sde-vs-general-paz-juniors-cordoba\/","og_site_name":"Promedios Audiovisuales","article_modified_time":"2026-02-08T00:10:25+00:00","og_image":[{"width":1920,"height":1080,"url":"https:\/\/promedios.com.ar\/web\/wp-content\/uploads\/2026\/02\/FINAL-TRFA-2-1.jpeg","type":"image\/jpeg"}],"twitter_card":"summary_large_image","twitter_title":"Central Argentino (SdE) vs General Paz Juniors (C\u00f3rdoba)","twitter_misc":{"Tiempo de lectura":"1 minuto"},"schema":{"@context":"https:\/\/schema.org","@graph":[{"@type":"WebPage","@id":"https:\/\/promedios.com.ar\/web\/producto\/central-argentino-sde-vs-general-paz-juniors-cordoba\/","url":"https:\/\/promedios.com.ar\/web\/producto\/central-argentino-sde-vs-general-paz-juniors-cordoba\/","name":"Central Argentino (SdE) vs General Paz Juniors (C\u00f3rdoba) - Promedios Audiovisuales","isPartOf":{"@id":"https:\/\/promedios.com.ar\/web\/#website"},"primaryImageOfPage":{"@id":"https:\/\/promedios.com.ar\/web\/producto\/central-argentino-sde-vs-general-paz-juniors-cordoba\/#primaryimage"},"image":{"@id":"https:\/\/promedios.com.ar\/web\/producto\/central-argentino-sde-vs-general-paz-juniors-cordoba\/#primaryimage"},"thumbnailUrl":"https:\/\/promedios.com.ar\/web\/wp-content\/uploads\/2026\/02\/FINAL-TRFA-1-3.jpeg","datePublished":"2026-02-02T00:53:12+00:00","dateModified":"2026-02-08T00:10:25+00:00","breadcrumb":{"@id":"https:\/\/promedios.com.ar\/web\/producto\/central-argentino-sde-vs-general-paz-juniors-cordoba\/#breadcrumb"},"inLanguage":"es","potentialAction":[{"@type":"ReadAction","target":["https:\/\/promedios.com.ar\/web\/producto\/central-argentino-sde-vs-general-paz-juniors-cordoba\/"]}]},{"@type":"ImageObject","inLanguage":"es","@id":"https:\/\/promedios.com.ar\/web\/producto\/central-argentino-sde-vs-general-paz-juniors-cordoba\/#primaryimage","url":"https:\/\/promedios.com.ar\/web\/wp-content\/uploads\/2026\/02\/FINAL-TRFA-1-3.jpeg","contentUrl":"https:\/\/promedios.com.ar\/web\/wp-content\/uploads\/2026\/02\/FINAL-TRFA-1-3.jpeg","width":1920,"height":1080},{"@type":"BreadcrumbList","@id":"https:\/\/promedios.com.ar\/web\/producto\/central-argentino-sde-vs-general-paz-juniors-cordoba\/#breadcrumb","itemListElement":[{"@type":"ListItem","position":1,"name":"Portada","item":"https:\/\/promedios.com.ar\/web\/"},{"@type":"ListItem","position":2,"name":"Eventos\/Tickets","item":"https:\/\/promedios.com.ar\/web\/eventos-tickets\/"},{"@type":"ListItem","position":3,"name":"Central Argentino (SdE) vs General Paz Juniors (C\u00f3rdoba)"}]},{"@type":"WebSite","@id":"https:\/\/promedios.com.ar\/web\/#website","url":"https:\/\/promedios.com.ar\/web\/","name":"Promedios Audiovisuales","description":"","publisher":{"@id":"https:\/\/promedios.com.ar\/web\/#organization"},"potentialAction":[{"@type":"SearchAction","target":{"@type":"EntryPoint","urlTemplate":"https:\/\/promedios.com.ar\/web\/?s={search_term_string}"},"query-input":{"@type":"PropertyValueSpecification","valueRequired":true,"valueName":"search_term_string"}}],"inLanguage":"es"},{"@type":"Organization","@id":"https:\/\/promedios.com.ar\/web\/#organization","name":"Promedios Audiovisuales","url":"https:\/\/promedios.com.ar\/web\/","logo":{"@type":"ImageObject","inLanguage":"es","@id":"https:\/\/promedios.com.ar\/web\/#\/schema\/logo\/image\/","url":"https:\/\/promedios.com.ar\/web\/wp-content\/uploads\/2024\/09\/logo_pagina_nuevo2.png","contentUrl":"https:\/\/promedios.com.ar\/web\/wp-content\/uploads\/2024\/09\/logo_pagina_nuevo2.png","width":400,"height":100,"caption":"Promedios Audiovisuales"},"image":{"@id":"https:\/\/promedios.com.ar\/web\/#\/schema\/logo\/image\/"}}]}},"_links":{"self":[{"href":"https:\/\/promedios.com.ar\/web\/wp-json\/wp\/v2\/product\/6651","targetHints":{"allow":["GET"]}}],"collection":[{"href":"https:\/\/promedios.com.ar\/web\/wp-json\/wp\/v2\/product"}],"about":[{"href":"https:\/\/promedios.com.ar\/web\/wp-json\/wp\/v2\/types\/product"}],"wp:featuredmedia":[{"embeddable":true,"href":"https:\/\/promedios.com.ar\/web\/wp-json\/wp\/v2\/media\/6785"}],"wp:attachment":[{"href":"https:\/\/promedios.com.ar\/web\/wp-json\/wp\/v2\/media?parent=6651"}],"wp:term":[{"taxonomy":"product_brand","embeddable":true,"href":"https:\/\/promedios.com.ar\/web\/wp-json\/wp\/v2\/product_brand?post=6651"},{"taxonomy":"product_cat","embeddable":true,"href":"https:\/\/promedios.com.ar\/web\/wp-json\/wp\/v2\/product_cat?post=6651"},{"taxonomy":"product_tag","embeddable":true,"href":"https:\/\/promedios.com.ar\/web\/wp-json\/wp\/v2\/product_tag?post=6651"}],"curies":[{"name":"wp","href":"https:\/\/api.w.org\/{rel}","templated":true}]}}

Central Argentino (SdE) vs General Paz Juniors (Córdoba)

<p class="isSelectedEnd"><span style="color: #ff0000;"><strong>STREAMING SUSPENDIDO</strong></span><br />
<em>Por razones ajenas a nuestra empresa, plataforma y/o servicios, y a solicitud de los organizadores, se suspende la venta de tickets para este evento.</em></p>
<p class="isSelectedEnd"><em>Se procederá a la devolución de las transferencias y/o a la cancelación de los pagos realizados con tarjeta, notificando a cada cliente por correo electrónico y adjuntando los comprobantes correspondientes.</em></p>
<p><em>Agradecemos su comprensión y quedamos a su disposición para atender cualquier consulta.</em></p>
<p>&#8212;&#8212;&#8212;&#8212;&#8212;&#8212;&#8212;&#8212;&#8212;&#8212;&#8212;&#8212;&#8212;&#8212;&#8212;&#8212;&#8212;&#8212;&#8212;&#8212;&#8212;&#8212;&#8212;&#8212;&#8212;&#8212;&#8212;&#8212;&#8212;&#8212;&#8212;&#8212;&#8212;&#8212;&#8212;&#8212;&#8212;&#8212;&#8212;&#8212;&#8212;&#8212;&#8211;</p>
<p>Evento por Streaming. Necesita registrarse en nuestra página/plataforma con un correo para poder comprar y ver el evento.</p>
<p>Sólo se puede comprar un acceso por persona/correo.</p>
<p>Se puede usar una computadora o dispositivo móvil. El sistema habilita sólo uno activo.</p>
<script>function PlayerjsAsync(){} if(window["Playerjs"]){PlayerjsAsync();}</script>

<p>Torneo Regional Federal Amateur &#8211; Final Región Centro &#8211;<br />
Estadio Osvaldo Juárez, La Banda. Santiago del Estero.<br />
Evento: 08/02/2025 &#8211; 20:00 hs</p>

<!-- This site is optimized with the Yoast SEO Premium plugin v23.4 (Yoast SEO v24.0) - https://yoast.com/wordpress/plugins/seo/ -->
<title>Central Argentino (SdE) vs General Paz Juniors (Córdoba) - Promedios Audiovisuales</title>
<meta name="robots" content="index, follow, max-snippet:-1, max-image-preview:large, max-video-preview:-1" />
<link rel="canonical" href="https://promedios.com.ar/web/producto/central-argentino-sde-vs-general-paz-juniors-cordoba/" />
<meta property="og:locale" content="es_ES" />
<meta property="og:type" content="article" />
<meta property="og:title" content="Central Argentino (SdE) vs General Paz Juniors (Córdoba)" />
<meta property="og:description" content="Torneo Regional Federal Amateur - Final Región Centro - Estadio Osvaldo Juárez, La Banda. Santiago del Estero. Evento: 08/02/2025 - 20:00 hs" />
<meta property="og:url" content="https://promedios.com.ar/web/producto/central-argentino-sde-vs-general-paz-juniors-cordoba/" />
<meta property="og:site_name" content="Promedios Audiovisuales" />
<meta property="article:modified_time" content="2026-02-08T00:10:25+00:00" />
<meta property="og:image" content="https://promedios.com.ar/web/wp-content/uploads/2026/02/FINAL-TRFA-2-1.jpeg" />
	<meta property="og:image:width" content="1920" />
	<meta property="og:image:height" content="1080" />
	<meta property="og:image:type" content="image/jpeg" />
<meta name="twitter:card" content="summary_large_image" />
<meta name="twitter:title" content="Central Argentino (SdE) vs General Paz Juniors (Córdoba)" />
<meta name="twitter:label1" content="Tiempo de lectura" />
	<meta name="twitter:data1" content="1 minuto" />
<script type="application/ld+json" class="yoast-schema-graph">{"@context":"https://schema.org","@graph":[{"@type":"WebPage","@id":"https://promedios.com.ar/web/producto/central-argentino-sde-vs-general-paz-juniors-cordoba/","url":"https://promedios.com.ar/web/producto/central-argentino-sde-vs-general-paz-juniors-cordoba/","name":"Central Argentino (SdE) vs General Paz Juniors (Córdoba) - Promedios Audiovisuales","isPartOf":{"@id":"https://promedios.com.ar/web/#website"},"primaryImageOfPage":{"@id":"https://promedios.com.ar/web/producto/central-argentino-sde-vs-general-paz-juniors-cordoba/#primaryimage"},"image":{"@id":"https://promedios.com.ar/web/producto/central-argentino-sde-vs-general-paz-juniors-cordoba/#primaryimage"},"thumbnailUrl":"https://promedios.com.ar/web/wp-content/uploads/2026/02/FINAL-TRFA-1-3.jpeg","datePublished":"2026-02-02T00:53:12+00:00","dateModified":"2026-02-08T00:10:25+00:00","breadcrumb":{"@id":"https://promedios.com.ar/web/producto/central-argentino-sde-vs-general-paz-juniors-cordoba/#breadcrumb"},"inLanguage":"es","potentialAction":[{"@type":"ReadAction","target":["https://promedios.com.ar/web/producto/central-argentino-sde-vs-general-paz-juniors-cordoba/"]}]},{"@type":"ImageObject","inLanguage":"es","@id":"https://promedios.com.ar/web/producto/central-argentino-sde-vs-general-paz-juniors-cordoba/#primaryimage","url":"https://promedios.com.ar/web/wp-content/uploads/2026/02/FINAL-TRFA-1-3.jpeg","contentUrl":"https://promedios.com.ar/web/wp-content/uploads/2026/02/FINAL-TRFA-1-3.jpeg","width":1920,"height":1080},{"@type":"BreadcrumbList","@id":"https://promedios.com.ar/web/producto/central-argentino-sde-vs-general-paz-juniors-cordoba/#breadcrumb","itemListElement":[{"@type":"ListItem","position":1,"name":"Portada","item":"https://promedios.com.ar/web/"},{"@type":"ListItem","position":2,"name":"Eventos/Tickets","item":"https://promedios.com.ar/web/eventos-tickets/"},{"@type":"ListItem","position":3,"name":"Central Argentino (SdE) vs General Paz Juniors (Córdoba)"}]},{"@type":"WebSite","@id":"https://promedios.com.ar/web/#website","url":"https://promedios.com.ar/web/","name":"Promedios Audiovisuales","description":"","publisher":{"@id":"https://promedios.com.ar/web/#organization"},"potentialAction":[{"@type":"SearchAction","target":{"@type":"EntryPoint","urlTemplate":"https://promedios.com.ar/web/?s={search_term_string}"},"query-input":{"@type":"PropertyValueSpecification","valueRequired":true,"valueName":"search_term_string"}}],"inLanguage":"es"},{"@type":"Organization","@id":"https://promedios.com.ar/web/#organization","name":"Promedios Audiovisuales","url":"https://promedios.com.ar/web/","logo":{"@type":"ImageObject","inLanguage":"es","@id":"https://promedios.com.ar/web/#/schema/logo/image/","url":"https://promedios.com.ar/web/wp-content/uploads/2024/09/logo_pagina_nuevo2.png","contentUrl":"https://promedios.com.ar/web/wp-content/uploads/2024/09/logo_pagina_nuevo2.png","width":400,"height":100,"caption":"Promedios Audiovisuales"},"image":{"@id":"https://promedios.com.ar/web/#/schema/logo/image/"}}]}</script>
<!-- / Yoast SEO Premium plugin. -->

Central Argentino (SdE) vs General Paz Juniors (Córdoba) - Promedios Audiovisuales

Torneo Regional Federal Amateur - Final Región Centro - Estadio Osvaldo Juárez, La Banda. Santiago del Estero. Evento: 08/02/2025 - 20:00 hs
