{"id":6921,"date":"2026-08-19T00:28:59","date_gmt":"2026-08-19T00:28:59","guid":{"rendered":"https:\/\/promedios.com.ar\/web\/?post_type=product&#038;p=6921"},"modified":"2026-08-20T06:04:40","modified_gmt":"2026-08-20T06:04:40","slug":"diego-gomez-y-la-ruda-brava","status":"publish","type":"product","link":"https:\/\/promedios.com.ar\/web\/producto\/diego-gomez-y-la-ruda-brava\/","title":{"rendered":"Diego G\u00f3mez y La Ruda Brava"},"content":{"rendered":"<script>function PlayerjsAsync(){} if(window[\"Playerjs\"]){PlayerjsAsync();}<\/script>","protected":false},"excerpt":{"rendered":"<p>Disfruta de la presentaci\u00f3n de Diego G\u00f3mez y La Ruda Brava en la Pe\u00f1a CAsa de los Carabajal, Santiago del Estero. Domingo 16 de Agosto de 2026<\/p>\n","protected":false},"featured_media":6922,"template":"","meta":{"_ppp_document_settings_meta":""},"product_brand":[],"product_cat":[106],"product_tag":[],"class_list":["post-6921","product","type-product","status-publish","has-post-thumbnail","product_cat-contenido-multimedia","first","instock","virtual","sold-individually","taxable","purchasable","product-type-simple"],"yoast_head":"<!-- This site is optimized with the Yoast SEO Premium plugin v23.4 (Yoast SEO v24.0) - https:\/\/yoast.com\/wordpress\/plugins\/seo\/ -->\n<title>Diego G\u00f3mez y La Ruda Brava - Promedios Audiovisuales<\/title>\n<meta name=\"robots\" content=\"index, follow, max-snippet:-1, max-image-preview:large, max-video-preview:-1\" \/>\n<link rel=\"canonical\" href=\"https:\/\/promedios.com.ar\/web\/producto\/diego-gomez-y-la-ruda-brava\/\" \/>\n<meta property=\"og:locale\" content=\"es_ES\" \/>\n<meta property=\"og:type\" content=\"article\" \/>\n<meta property=\"og:title\" content=\"Central Argentino (SdE) vs General Paz Juniors (C\u00f3rdoba)\" \/>\n<meta property=\"og:description\" content=\"Disfruta de la presentaci\u00f3n de Diego G\u00f3mez y La Ruda Brava en la Pe\u00f1a CAsa de los Carabajal, Santiago del Estero. Domingo 16 de Agosto de 2026\" \/>\n<meta property=\"og:url\" content=\"https:\/\/promedios.com.ar\/web\/producto\/diego-gomez-y-la-ruda-brava\/\" \/>\n<meta property=\"og:site_name\" content=\"Promedios Audiovisuales\" \/>\n<meta property=\"article:modified_time\" content=\"2026-08-20T06:04:40+00:00\" \/>\n<meta property=\"og:image\" content=\"https:\/\/promedios.com.ar\/web\/wp-content\/uploads\/2026\/02\/FINAL-TRFA-2-1.jpeg\" \/>\n\t<meta property=\"og:image:width\" content=\"1920\" \/>\n\t<meta property=\"og:image:height\" content=\"1080\" \/>\n\t<meta property=\"og:image:type\" content=\"image\/jpeg\" \/>\n<meta name=\"twitter:card\" content=\"summary_large_image\" \/>\n<meta name=\"twitter:title\" content=\"Diego G\u00f3mez y La Ruda Brava\" \/>\n<meta name=\"twitter:label1\" content=\"Tiempo de lectura\" \/>\n\t<meta name=\"twitter:data1\" content=\"1 minuto\" \/>\n<script type=\"application\/ld+json\" class=\"yoast-schema-graph\">{\"@context\":\"https:\/\/schema.org\",\"@graph\":[{\"@type\":\"WebPage\",\"@id\":\"https:\/\/promedios.com.ar\/web\/producto\/diego-gomez-y-la-ruda-brava\/\",\"url\":\"https:\/\/promedios.com.ar\/web\/producto\/diego-gomez-y-la-ruda-brava\/\",\"name\":\"Diego G\u00f3mez y La Ruda Brava - Promedios Audiovisuales\",\"isPartOf\":{\"@id\":\"https:\/\/promedios.com.ar\/web\/#website\"},\"primaryImageOfPage\":{\"@id\":\"https:\/\/promedios.com.ar\/web\/producto\/diego-gomez-y-la-ruda-brava\/#primaryimage\"},\"image\":{\"@id\":\"https:\/\/promedios.com.ar\/web\/producto\/diego-gomez-y-la-ruda-brava\/#primaryimage\"},\"thumbnailUrl\":\"https:\/\/promedios.com.ar\/web\/wp-content\/uploads\/2026\/08\/vlcsnap-2026-08-18-21h28m23s620.png\",\"datePublished\":\"2026-08-19T00:28:59+00:00\",\"dateModified\":\"2026-08-20T06:04:40+00:00\",\"breadcrumb\":{\"@id\":\"https:\/\/promedios.com.ar\/web\/producto\/diego-gomez-y-la-ruda-brava\/#breadcrumb\"},\"inLanguage\":\"es\",\"potentialAction\":[{\"@type\":\"ReadAction\",\"target\":[\"https:\/\/promedios.com.ar\/web\/producto\/diego-gomez-y-la-ruda-brava\/\"]}]},{\"@type\":\"ImageObject\",\"inLanguage\":\"es\",\"@id\":\"https:\/\/promedios.com.ar\/web\/producto\/diego-gomez-y-la-ruda-brava\/#primaryimage\",\"url\":\"https:\/\/promedios.com.ar\/web\/wp-content\/uploads\/2026\/08\/vlcsnap-2026-08-18-21h28m23s620.png\",\"contentUrl\":\"https:\/\/promedios.com.ar\/web\/wp-content\/uploads\/2026\/08\/vlcsnap-2026-08-18-21h28m23s620.png\",\"width\":1920,\"height\":1080},{\"@type\":\"BreadcrumbList\",\"@id\":\"https:\/\/promedios.com.ar\/web\/producto\/diego-gomez-y-la-ruda-brava\/#breadcrumb\",\"itemListElement\":[{\"@type\":\"ListItem\",\"position\":1,\"name\":\"Portada\",\"item\":\"https:\/\/promedios.com.ar\/web\/\"},{\"@type\":\"ListItem\",\"position\":2,\"name\":\"Eventos\/Tickets\",\"item\":\"https:\/\/promedios.com.ar\/web\/eventos-tickets\/\"},{\"@type\":\"ListItem\",\"position\":3,\"name\":\"Diego G\u00f3mez y La Ruda Brava\"}]},{\"@type\":\"WebSite\",\"@id\":\"https:\/\/promedios.com.ar\/web\/#website\",\"url\":\"https:\/\/promedios.com.ar\/web\/\",\"name\":\"Promedios Audiovisuales\",\"description\":\"\",\"publisher\":{\"@id\":\"https:\/\/promedios.com.ar\/web\/#organization\"},\"potentialAction\":[{\"@type\":\"SearchAction\",\"target\":{\"@type\":\"EntryPoint\",\"urlTemplate\":\"https:\/\/promedios.com.ar\/web\/?s={search_term_string}\"},\"query-input\":{\"@type\":\"PropertyValueSpecification\",\"valueRequired\":true,\"valueName\":\"search_term_string\"}}],\"inLanguage\":\"es\"},{\"@type\":\"Organization\",\"@id\":\"https:\/\/promedios.com.ar\/web\/#organization\",\"name\":\"Promedios Audiovisuales\",\"url\":\"https:\/\/promedios.com.ar\/web\/\",\"logo\":{\"@type\":\"ImageObject\",\"inLanguage\":\"es\",\"@id\":\"https:\/\/promedios.com.ar\/web\/#\/schema\/logo\/image\/\",\"url\":\"https:\/\/promedios.com.ar\/web\/wp-content\/uploads\/2024\/09\/logo_pagina_nuevo2.png\",\"contentUrl\":\"https:\/\/promedios.com.ar\/web\/wp-content\/uploads\/2024\/09\/logo_pagina_nuevo2.png\",\"width\":400,\"height\":100,\"caption\":\"Promedios Audiovisuales\"},\"image\":{\"@id\":\"https:\/\/promedios.com.ar\/web\/#\/schema\/logo\/image\/\"}}]}<\/script>\n<!-- \/ Yoast SEO Premium plugin. -->","yoast_head_json":{"title":"Diego G\u00f3mez y La Ruda Brava - Promedios Audiovisuales","robots":{"index":"index","follow":"follow","max-snippet":"max-snippet:-1","max-image-preview":"max-image-preview:large","max-video-preview":"max-video-preview:-1"},"canonical":"https:\/\/promedios.com.ar\/web\/producto\/diego-gomez-y-la-ruda-brava\/","og_locale":"es_ES","og_type":"article","og_title":"Central Argentino (SdE) vs General Paz Juniors (C\u00f3rdoba)","og_description":"Disfruta de la presentaci\u00f3n de Diego G\u00f3mez y La Ruda Brava en la Pe\u00f1a CAsa de los Carabajal, Santiago del Estero. Domingo 16 de Agosto de 2026","og_url":"https:\/\/promedios.com.ar\/web\/producto\/diego-gomez-y-la-ruda-brava\/","og_site_name":"Promedios Audiovisuales","article_modified_time":"2026-08-20T06:04:40+00:00","og_image":[{"width":1920,"height":1080,"url":"https:\/\/promedios.com.ar\/web\/wp-content\/uploads\/2026\/02\/FINAL-TRFA-2-1.jpeg","type":"image\/jpeg"}],"twitter_card":"summary_large_image","twitter_title":"Diego G\u00f3mez y La Ruda Brava","twitter_misc":{"Tiempo de lectura":"1 minuto"},"schema":{"@context":"https:\/\/schema.org","@graph":[{"@type":"WebPage","@id":"https:\/\/promedios.com.ar\/web\/producto\/diego-gomez-y-la-ruda-brava\/","url":"https:\/\/promedios.com.ar\/web\/producto\/diego-gomez-y-la-ruda-brava\/","name":"Diego G\u00f3mez y La Ruda Brava - Promedios Audiovisuales","isPartOf":{"@id":"https:\/\/promedios.com.ar\/web\/#website"},"primaryImageOfPage":{"@id":"https:\/\/promedios.com.ar\/web\/producto\/diego-gomez-y-la-ruda-brava\/#primaryimage"},"image":{"@id":"https:\/\/promedios.com.ar\/web\/producto\/diego-gomez-y-la-ruda-brava\/#primaryimage"},"thumbnailUrl":"https:\/\/promedios.com.ar\/web\/wp-content\/uploads\/2026\/08\/vlcsnap-2026-08-18-21h28m23s620.png","datePublished":"2026-08-19T00:28:59+00:00","dateModified":"2026-08-20T06:04:40+00:00","breadcrumb":{"@id":"https:\/\/promedios.com.ar\/web\/producto\/diego-gomez-y-la-ruda-brava\/#breadcrumb"},"inLanguage":"es","potentialAction":[{"@type":"ReadAction","target":["https:\/\/promedios.com.ar\/web\/producto\/diego-gomez-y-la-ruda-brava\/"]}]},{"@type":"ImageObject","inLanguage":"es","@id":"https:\/\/promedios.com.ar\/web\/producto\/diego-gomez-y-la-ruda-brava\/#primaryimage","url":"https:\/\/promedios.com.ar\/web\/wp-content\/uploads\/2026\/08\/vlcsnap-2026-08-18-21h28m23s620.png","contentUrl":"https:\/\/promedios.com.ar\/web\/wp-content\/uploads\/2026\/08\/vlcsnap-2026-08-18-21h28m23s620.png","width":1920,"height":1080},{"@type":"BreadcrumbList","@id":"https:\/\/promedios.com.ar\/web\/producto\/diego-gomez-y-la-ruda-brava\/#breadcrumb","itemListElement":[{"@type":"ListItem","position":1,"name":"Portada","item":"https:\/\/promedios.com.ar\/web\/"},{"@type":"ListItem","position":2,"name":"Eventos\/Tickets","item":"https:\/\/promedios.com.ar\/web\/eventos-tickets\/"},{"@type":"ListItem","position":3,"name":"Diego G\u00f3mez y La Ruda Brava"}]},{"@type":"WebSite","@id":"https:\/\/promedios.com.ar\/web\/#website","url":"https:\/\/promedios.com.ar\/web\/","name":"Promedios Audiovisuales","description":"","publisher":{"@id":"https:\/\/promedios.com.ar\/web\/#organization"},"potentialAction":[{"@type":"SearchAction","target":{"@type":"EntryPoint","urlTemplate":"https:\/\/promedios.com.ar\/web\/?s={search_term_string}"},"query-input":{"@type":"PropertyValueSpecification","valueRequired":true,"valueName":"search_term_string"}}],"inLanguage":"es"},{"@type":"Organization","@id":"https:\/\/promedios.com.ar\/web\/#organization","name":"Promedios Audiovisuales","url":"https:\/\/promedios.com.ar\/web\/","logo":{"@type":"ImageObject","inLanguage":"es","@id":"https:\/\/promedios.com.ar\/web\/#\/schema\/logo\/image\/","url":"https:\/\/promedios.com.ar\/web\/wp-content\/uploads\/2024\/09\/logo_pagina_nuevo2.png","contentUrl":"https:\/\/promedios.com.ar\/web\/wp-content\/uploads\/2024\/09\/logo_pagina_nuevo2.png","width":400,"height":100,"caption":"Promedios Audiovisuales"},"image":{"@id":"https:\/\/promedios.com.ar\/web\/#\/schema\/logo\/image\/"}}]}},"_links":{"self":[{"href":"https:\/\/promedios.com.ar\/web\/wp-json\/wp\/v2\/product\/6921","targetHints":{"allow":["GET"]}}],"collection":[{"href":"https:\/\/promedios.com.ar\/web\/wp-json\/wp\/v2\/product"}],"about":[{"href":"https:\/\/promedios.com.ar\/web\/wp-json\/wp\/v2\/types\/product"}],"wp:featuredmedia":[{"embeddable":true,"href":"https:\/\/promedios.com.ar\/web\/wp-json\/wp\/v2\/media\/6922"}],"wp:attachment":[{"href":"https:\/\/promedios.com.ar\/web\/wp-json\/wp\/v2\/media?parent=6921"}],"wp:term":[{"taxonomy":"product_brand","embeddable":true,"href":"https:\/\/promedios.com.ar\/web\/wp-json\/wp\/v2\/product_brand?post=6921"},{"taxonomy":"product_cat","embeddable":true,"href":"https:\/\/promedios.com.ar\/web\/wp-json\/wp\/v2\/product_cat?post=6921"},{"taxonomy":"product_tag","embeddable":true,"href":"https:\/\/promedios.com.ar\/web\/wp-json\/wp\/v2\/product_tag?post=6921"}],"curies":[{"name":"wp","href":"https:\/\/api.w.org\/{rel}","templated":true}]}}

Diego Gómez y La Ruda Brava

<p>Disfruta de la presentación de Diego Gómez y La Ruda Brava en la Peña CAsa de los Carabajal, Santiago del Estero. Domingo 16 de Agosto de 2026</p>

<!-- This site is optimized with the Yoast SEO Premium plugin v23.4 (Yoast SEO v24.0) - https://yoast.com/wordpress/plugins/seo/ -->
<title>Diego Gómez y La Ruda Brava - Promedios Audiovisuales</title>
<meta name="robots" content="index, follow, max-snippet:-1, max-image-preview:large, max-video-preview:-1" />
<link rel="canonical" href="https://promedios.com.ar/web/producto/diego-gomez-y-la-ruda-brava/" />
<meta property="og:locale" content="es_ES" />
<meta property="og:type" content="article" />
<meta property="og:title" content="Central Argentino (SdE) vs General Paz Juniors (Córdoba)" />
<meta property="og:description" content="Disfruta de la presentación de Diego Gómez y La Ruda Brava en la Peña CAsa de los Carabajal, Santiago del Estero. Domingo 16 de Agosto de 2026" />
<meta property="og:url" content="https://promedios.com.ar/web/producto/diego-gomez-y-la-ruda-brava/" />
<meta property="og:site_name" content="Promedios Audiovisuales" />
<meta property="article:modified_time" content="2026-08-20T06:04:40+00:00" />
<meta property="og:image" content="https://promedios.com.ar/web/wp-content/uploads/2026/02/FINAL-TRFA-2-1.jpeg" />
	<meta property="og:image:width" content="1920" />
	<meta property="og:image:height" content="1080" />
	<meta property="og:image:type" content="image/jpeg" />
<meta name="twitter:card" content="summary_large_image" />
<meta name="twitter:title" content="Diego Gómez y La Ruda Brava" />
<meta name="twitter:label1" content="Tiempo de lectura" />
	<meta name="twitter:data1" content="1 minuto" />
<script type="application/ld+json" class="yoast-schema-graph">{"@context":"https://schema.org","@graph":[{"@type":"WebPage","@id":"https://promedios.com.ar/web/producto/diego-gomez-y-la-ruda-brava/","url":"https://promedios.com.ar/web/producto/diego-gomez-y-la-ruda-brava/","name":"Diego Gómez y La Ruda Brava - Promedios Audiovisuales","isPartOf":{"@id":"https://promedios.com.ar/web/#website"},"primaryImageOfPage":{"@id":"https://promedios.com.ar/web/producto/diego-gomez-y-la-ruda-brava/#primaryimage"},"image":{"@id":"https://promedios.com.ar/web/producto/diego-gomez-y-la-ruda-brava/#primaryimage"},"thumbnailUrl":"https://promedios.com.ar/web/wp-content/uploads/2026/08/vlcsnap-2026-08-18-21h28m23s620.png","datePublished":"2026-08-19T00:28:59+00:00","dateModified":"2026-08-20T06:04:40+00:00","breadcrumb":{"@id":"https://promedios.com.ar/web/producto/diego-gomez-y-la-ruda-brava/#breadcrumb"},"inLanguage":"es","potentialAction":[{"@type":"ReadAction","target":["https://promedios.com.ar/web/producto/diego-gomez-y-la-ruda-brava/"]}]},{"@type":"ImageObject","inLanguage":"es","@id":"https://promedios.com.ar/web/producto/diego-gomez-y-la-ruda-brava/#primaryimage","url":"https://promedios.com.ar/web/wp-content/uploads/2026/08/vlcsnap-2026-08-18-21h28m23s620.png","contentUrl":"https://promedios.com.ar/web/wp-content/uploads/2026/08/vlcsnap-2026-08-18-21h28m23s620.png","width":1920,"height":1080},{"@type":"BreadcrumbList","@id":"https://promedios.com.ar/web/producto/diego-gomez-y-la-ruda-brava/#breadcrumb","itemListElement":[{"@type":"ListItem","position":1,"name":"Portada","item":"https://promedios.com.ar/web/"},{"@type":"ListItem","position":2,"name":"Eventos/Tickets","item":"https://promedios.com.ar/web/eventos-tickets/"},{"@type":"ListItem","position":3,"name":"Diego Gómez y La Ruda Brava"}]},{"@type":"WebSite","@id":"https://promedios.com.ar/web/#website","url":"https://promedios.com.ar/web/","name":"Promedios Audiovisuales","description":"","publisher":{"@id":"https://promedios.com.ar/web/#organization"},"potentialAction":[{"@type":"SearchAction","target":{"@type":"EntryPoint","urlTemplate":"https://promedios.com.ar/web/?s={search_term_string}"},"query-input":{"@type":"PropertyValueSpecification","valueRequired":true,"valueName":"search_term_string"}}],"inLanguage":"es"},{"@type":"Organization","@id":"https://promedios.com.ar/web/#organization","name":"Promedios Audiovisuales","url":"https://promedios.com.ar/web/","logo":{"@type":"ImageObject","inLanguage":"es","@id":"https://promedios.com.ar/web/#/schema/logo/image/","url":"https://promedios.com.ar/web/wp-content/uploads/2024/09/logo_pagina_nuevo2.png","contentUrl":"https://promedios.com.ar/web/wp-content/uploads/2024/09/logo_pagina_nuevo2.png","width":400,"height":100,"caption":"Promedios Audiovisuales"},"image":{"@id":"https://promedios.com.ar/web/#/schema/logo/image/"}}]}</script>
<!-- / Yoast SEO Premium plugin. -->

Diego Gómez y La Ruda Brava - Promedios Audiovisuales

Central Argentino (SdE) vs General Paz Juniors (Córdoba)

Disfruta de la presentación de Diego Gómez y La Ruda Brava en la Peña CAsa de los Carabajal, Santiago del Estero. Domingo 16 de Agosto de 2026
